- -3)) + -1?
5
Let v = -951 - -2348. What is the units digit of v?
7
Let q(t) = 893*t + 175. What is the thousands digit of q(3)?
2
Suppose -4*h + 2435 = 3*q, 11*h - 4*q = 10*h + 623. What is the hundreds digit of h?
6
What is the units digit of (120/(-18))/((-2)/165)?
0
Suppose 0 = 4*x + 8*m - 11*m - 1104, -5*m = -4*x + 1104. What is the hundreds digit of x?
2
Suppose 4*z - 3*p + 4*p - 10031 = 0, 0 = 3*p + 3. What is the units digit of z?
8
Let y be (1/(20/24))/((-2)/(-85)). Let o = y - -32. What is the tens digit of o?
8
Suppose -6 = 6*y - 9*y. Let x(p) = p**3 + 36 - p + 7*p**2 - p**2 - 5*p**y. What is the units digit of x(0)?
6
Let k(z) = -8 + 15 - 2 - z**2 + 18*z - 4. Let o be k(18). Suppose -20 + o = -g. What is the units digit of g?
9
Let n = -92 - -1770. What is the units digit of n?
8
Let z = -60 + 68. Suppose 8*t - 88 = -z. What is the units digit of t?
0
Suppose 0 = -y + 2*i - 6, -3*y - 5*i + 2 + 35 = 0. Suppose j - 323 = -4*w, 0 = -y*w - 3*j - 2*j + 303. What is the tens digit of w?
8
Let i(o) = o + 7. Suppose 1 - 33 = 2*d. Let g(j) = -j**2 - 14*j + 26. Let u be g(d). What is the units digit of i(u)?
1
Let i = 1552 + -4. What is the tens digit of i?
4
Suppose 0 = -u - 6 + 4. What is the units digit of (-119)/u + (-12)/(-24)?
0
Let b be ((-5)/(-10))/((-3)/(-1038)). Suppose 4*p - b - 51 = 0. What is the tens digit of p?
5
Let w(u) = 2*u**2 - 6*u - 15. Let v be 62/10 + 8/10. Let l be w(v). Suppose 5*r - l - 249 = 0. What is the tens digit of r?
5
Let a(h) = 4*h**3 - 5*h**2 + 7*h - 32. What is the hundreds digit of a(6)?
6
Let z = 667 - 6. What is the tens digit of z?
6
Suppose 4*b + 12 = 8*b. Suppose 678 = b*f + 36. What is the units digit of f?
4
Let t(s) = 142*s**3 - 2*s**2 + 2. What is the tens digit of t(1)?
4
Suppose 0 = 2*d + 3*d. Suppose -3*a + d*s - s = -6, -3*a = -5*s - 6. Suppose -a*v = -104 + 4. What is the tens digit of v?
5
Let t(u) = 3*u - 1. Let g be t(2). Suppose -g*f - 6 = -1. What is the units digit of f + (6 + 2 - 2)?
5
Suppose -3*p + 6*p + 5*h - 8585 = 0, 0 = -3*p + 5*h + 8575. What is the units digit of p?
0
Let u = 434 - 206. Let k be 4/14 - u/(-84). Suppose -f + 94 = 4*l - 3*f, -13 = -l - k*f. What is the tens digit of l?
2
Let t(u) = 9*u - 16. Let o(h) = -13*h + 24. Let q(r) = -5*o(r) - 7*t(r). What is the units digit of q(5)?
2
Let m = -46 - -157. Suppose 3*o - m = -3*j, -7 = -3*j - 2*o + 101. What is the units digit of j?
4
Let s be -181*2/4*-10. Suppose -5*l - 5*g = -s, -3*g + 620 + 101 = 4*l. What is the units digit of l?
8
Suppose -4*v + 3*n + 19391 = 3896, 0 = 3*v - 3*n - 11619. What is the tens digit of v?
7
Let w = 47 + -23. Suppose d + 0*d + w = -5*x, 2*d + x + 3 = 0. Let p = d - -9. What is the tens digit of p?
1
Let l be (-2 - -5)*(-2)/(-2). Let h be 20/(-6)*(-171)/95. Suppose -l*q + 18 = h. What is the units digit of q?
4
Suppose -3*b + 5*g = -3360, b + 7*g = 4*g + 1134. What is the thousands digit of b?
1
Let i(c) = -c**3 + 7*c**2 - 5*c. Let h be i(6). Let g(z) = 7*z + z**2 + h - 14 + 8*z - 25*z. What is the units digit of g(11)?
3
Let j(b) = 7*b**2 - 12*b + 15. Suppose 26 = 5*x - 9. Let q(z) = 8*z**2 - 12*z + 14. Let t(o) = x*j(o) - 6*q(o). What is the units digit of t(10)?
1
What is the tens digit of 8/((-20)/(-5)) - 2236/(-2)?
2
Let z(i) = 31*i**3 - i. Suppose 5*x = -2*l - 1, -17 = -5*x - 0*l + 4*l. Let m be z(x). Suppose -5*s + m + 35 = 0. What is the units digit of s?
3
Let d(f) = -f**3 + 5*f**2 - f - 4. Suppose 5*s - 13 = -3. Suppose -s*a = a + q - 13, -2*a + 2*q - 2 = 0. What is the tens digit of d(a)?
1
Suppose -u - 51 = -2*f, -3*f + 2*u = u - 75. Let h = f - -32. What is the units digit of h?
6
Suppose -4*z = 5*y - 17484, 22*z + y = 18*z + 17468. What is the tens digit of z?
6
Let x = 31 - -21. Suppose -12*y - 136 = -13*y. What is the tens digit of x/(-78) + y/6?
2
Suppose 0 = -30*c + 35*c - 3190. What is the tens digit of c?
3
Let x(l) = 9*l**3 - 31*l**2 + 22*l - 25. Let d(b) = 5*b**3 - 16*b**2 + 11*b - 13. Let r(c) = -11*d(c) + 6*x(c). What is the units digit of r(-12)?
9
What is the hundreds digit of 21125/39 + (-1 - 1/(-3))?
5
Let p(l) = 2*l + 21. Let x be p(-8). Suppose 0 = x*j + 7 - 272. What is the tens digit of j?
5
Suppose -8*w + 794 = 146. What is the tens digit of w?
8
Suppose 2*w - 154 = -0*w. Let x = w - 142. What is the tens digit of x/(-3) - (-14)/42?
2
Let a(y) = -y + 6. Let s be a(4). Let o = s - -31. What is the units digit of o?
3
Let g(d) = 65*d - 6. Let b be g(-2). Let u = 256 + b. What is the hundreds digit of u?
1
Suppose 3*l + 4*b - 3248 = -92, 0 = 5*l + 4*b - 5268. What is the tens digit of l?
5
Let j be (-1)/(-5) - 4/(-5). What is the units digit of (j - 15/(-6))*2?
7
Suppose -2*u = i - 4*i - 1065, 4*i + 12 = 0. What is the tens digit of u?
2
Let b(l) = 15*l - 8. Let x be b(1). Suppose -x*k = -k - 1182. What is the hundreds digit of k?
1
What is the units digit of (-4058)/(-9) - 7/(-63)?
1
Let c = 898 - 442. What is the hundreds digit of c?
4
Let h(d) = 116*d - 37. What is the units digit of h(1)?
9
Suppose 0 = -k - 3*k + 92. Let q = k + 61. What is the tens digit of q?
8
Let n(p) = 5*p - 12. Let x be n(4). Let f = x - 6. Let k(q) = 12*q**2 - 2. What is the units digit of k(f)?
6
Let t be 5 + 6/(-2) + -6. Let a = t - -297. What is the tens digit of a?
9
Suppose -5*j - 3*f + 1910 = -2195, -3321 = -4*j + 5*f. What is the tens digit of j?
2
What is the thousands digit of 2787 - 0 - (-59 + 63)?
2
Let f = 312 - 84. What is the tens digit of f?
2
Let j(g) = g - 3. Let b be j(5). Suppose 10*i = 2*r + 5*i - 33, 36 = 4*r - 4*i. Suppose 3*t + 10 = -b*t, -4*q + r*t = -32. What is the units digit of q?
6
Let l(x) be the third derivative of -x**5/60 + x**4/4 - 2*x**3/3 + 2*x**2. Let v be l(4). Suppose 2*b - v = -2. What is the units digit of b?
1
Suppose 0 = -2*a - 5*q + 18, -7*q + 4*q = 3*a - 27. Let k be (1/2)/((-2)/(-156)). Suppose -i = -k - a. What is the units digit of i?
8
Suppose 0 = o + 1 + 6. Let v = o - -12. Suppose -2*n - 2*r = 2*n - 54, -3*r - 40 = -v*n. What is the tens digit of n?
1
Let t(g) = 3*g**3 - 8*g**2 + 3*g - 10. What is the tens digit of t(7)?
4
Suppose 8*q + 1 = 9*q - 4*d, d - 21 = -4*q. Suppose 2*b = -2*i + 38, 40 = q*b - 3*b + i. What is the units digit of b?
1
Let d be 6/9 + (-26)/3. Let u(b) = 5*b - b**3 - 4*b**2 - 2*b**2 - b**2 + 3. What is the tens digit of u(d)?
2
Let n be 0 - 315/(3 - 6). Suppose 2*h - n = 3*q, 0 = -2*q + 2 + 4. Suppose 4*p - h = -5. What is the units digit of p?
3
Let r be (-4)/2*171/18. Let i be 0 - (r + 4) - -1. Let j = i + 16. What is the units digit of j?
2
Let f be -1 - -3 - (3 - 2). What is the units digit of (f - -2) + -3 + 60?
0
Suppose 4*d + d = 4*f + 402, 0 = -d - 5*f + 92. Suppose -m - 2*n = -85, m - 2*n - d = -7*n. What is the units digit of m?
7
Suppose 6*j - 16005 - 537 = 0. What is the units digit of j?
7
What is the tens digit of (2/(-4))/(2*(-9)/77544)?
5
Let a(u) = -16 - 32*u - 2 + 24*u. Let i be a(-9). Suppose 6*n - 3*n = 12, 2*b - 4*n = i. What is the tens digit of b?
3
Let a(x) = 28*x**2 + 15*x + 11. What is the thousands digit of a(-7)?
1
Let l be 2/4 - 207/(-18). Let b = -7 + l. Suppose -3*v + 45 = 5*d + 2*v, 2*d - b*v = 4. What is the units digit of d?
7
Suppose -4*f = -16, f - 6*f - 850 = 5*z. Let s = -100 - z. What is the tens digit of s?
7
What is the tens digit of 1*(91/14)/(-13)*-3756?
7
What is the hundreds digit of 3 + (-2032)/(-4) + -3?
5
Suppose -146070 = -66*r + 21*r. What is the tens digit of r?
4
Let b(a) = -a + 9. Let q be b(5). Suppose 22*n = 24*n + q. Let l(c) = -2*c**3 - 4*c**2 - 3*c. What is the units digit of l(n)?
6
Let c = -1449 - -2081. What is the units digit of c?
2
Let a(u) = -3*u**3 - 3*u**2 - 7*u**2 + 2*u**3. Let y be a(-10). Suppose y = 3*x - 152 + 2. What is the units digit of x?
0
Let g(p) = -2625*p**3 + 14*p**2 + 16*p + 1. What is the tens digit of g(-1)?
2
Let c = -240 - -1203. What is the units digit of c?
3
Let r(t) = 3*t + 1. Let v(g) = -13*g - 5. Let l(x) = -9*r(x) - 2*v(x). Let u be l(2). What is the units digit of ((-1)/u)/(5/205)?
1
Suppose 28 + 14 = 2*d. Suppose 0 = -d*b + 9*b + 756. What is the units digit of b?
3
Suppose 0 = 5*g + 2*n - 30 + 3, 2*g - 5*n - 34 = 0. Suppose -2*k + g*k - 5 = 0. What is the units digit of (15 - 1) + k/1?
5
What is the units digit 